{"id":26,"date":"2018-06-05T22:47:59","date_gmt":"2018-06-05T20:47:59","guid":{"rendered":"http:\/\/test.gruene-holzwickede.de\/?page_id=26"},"modified":"2026-01-28T18:26:40","modified_gmt":"2026-01-28T17:26:40","slug":"willkommen-bei-den-gruenen-holzwickede","status":"publish","type":"page","link":"https:\/\/gruene-holzwickede.de\/","title":{"rendered":"Gr\u00fcne Politik in und f\u00fcr Holzwickede"},"content":{"rendered":"\n<p> <p>Herzlich willkommen auf unserem Webauftritt. Mit drei Ratsmitgliedern und sieben sachkundigen B\u00fcrgern*innen treten wir im Rathaus Holzwickede aktiv f\u00fcr eine zukunftsorientierte Politik ein. Als Ortsverband B\u00fcndnis 90\/Die Gr\u00fcnen machen wir uns f\u00fcr die Interessen der Bewohner*innen unserer idyllischen Heimat stark und haben f\u00fcr Kritik und Anregungen stets ein offenes Ohr.Zugunsten hoher Wohn- und Lebensqualit\u00e4ten ist es von zentraler Bedeutung, ein ansprechendes Umfeld f\u00fcr Jung und Alt zu schaffen, das gute Anbindungen an das Nahversorgungsnetz erm\u00f6glicht. Wir unterst\u00fctzen innovative Ideen und Technologien, die Holzwickede voranbringen und sprechen uns ebenso f\u00fcr den Ausbau des Radwegenetzes aus.<\/p><\/p>\n\n\n\n<div class=\"wp-block-columns is-layout-flex wp-container-core-columns-is-layout-9d6595d7 wp-block-columns-is-layout-flex\">\n<div class=\"wp-block-column is-vertically-aligned-top is-layout-flow wp-block-column-is-layout-flow\" style=\"flex-basis:66.66%\"><\/div>\n<\/div>\n\n\n<div class=\"has-background latest-posts wp-block-sunflower-latest-posts\">\n        <div class=\"wp-block-group__inner-container\">\n            <h2 class=\"text-center h1\"><\/h2>\n                <div class=\"row\" data-masonry='{\"percentPosition\": true }'><div class=\"col-md-6\">\n<article id=\"post-1483\" class=\"bg-white mb-4 has-shadow post-1483 post type-post status-publish format-standard hentry category-uncategorized\">\n\t<div class=\"\">\n\t\t\t\t<div class=\"p-45\">\n\t\t\t<header class=\"entry-header mb-2\">\n\t\t\t\t\t\t\t\t<h2 class=\"card-title h4 mb-3\"><a href=\"https:\/\/gruene-holzwickede.de\/?p=1483\" rel=\"bookmark\">Kr\u00f6tenschutzzaun mit der NABU setzen<\/a><\/h2>\t\t\t\t\t<div class=\"entry-meta mb-3\">\n\t\t\t\t\t\t<span class=\"posted-on\"><time class=\"entry-date published\" datetime=\"2026-02-28T13:46:06+01:00\">28. Februar 2026<\/time><time class=\"updated\" datetime=\"2026-02-28T13:46:07+01:00\">28. Februar 2026<\/time><\/span>\t\t\t\t\t<\/div><!-- .entry-meta -->\n\t\t\t\t\t\t\t\t<\/header><!-- .entry-header -->\n\n\t\t\t<div class=\"entry-content\">\n\t\t\t\t<a href=\"https:\/\/gruene-holzwickede.de\/?p=1483\" rel=\"bookmark\">\n\t\t\t\t\t\t\t\t<\/a>\n\t\t\t<\/div><!-- .entry-content -->\n\n\t\t\t<footer class=\"entry-footer\">\n\t\t\t\t\t\t\t<div class=\"d-flex mt-2 mb-2\">\n\t\t\t\t\t\t\t\t<div>\n\t\t<span class=\"cat-links small\"><a href=\"https:\/\/gruene-holzwickede.de\/?cat=1\" rel=\"category\">Uncategorized<\/a><\/span>\n\t\t\t\t<\/div>\n\t\t\t<\/div>\n\t\t\n\t\t\t\t<div class=\"d-flex flex-row-reverse\">\n\t\t\t\t\t<a href=\"https:\/\/gruene-holzwickede.de\/?p=1483\" rel=\"bookmark\" class=\"continue-reading\">\n\t\t\t\t\tweiterlesen\t\t\t\t<\/a>\n\t\t\t\t<\/div>\n\t\t\t<\/footer><!-- .entry-footer -->\n\t\t<\/div>\n\t<\/div>\n<\/article><!-- #post-1483 -->\n<\/div><div class=\"col-md-6\">\n<article id=\"post-1481\" class=\"bg-white mb-4 has-shadow post-1481 post type-post status-publish format-standard hentry category-uncategorized tag-demo tag-rechts\">\n\t<div class=\"\">\n\t\t\t\t<div class=\"p-45\">\n\t\t\t<header class=\"entry-header mb-2\">\n\t\t\t\t\t\t\t\t<h2 class=\"card-title h4 mb-3\"><a href=\"https:\/\/gruene-holzwickede.de\/?p=1481\" rel=\"bookmark\">Demo gegen Rechts<\/a><\/h2>\t\t\t\t\t<div class=\"entry-meta mb-3\">\n\t\t\t\t\t\t<span class=\"posted-on\"><time class=\"entry-date published\" datetime=\"2026-02-28T13:43:16+01:00\">28. Februar 2026<\/time><time class=\"updated\" datetime=\"2026-02-28T13:43:17+01:00\">28. Februar 2026<\/time><\/span>\t\t\t\t\t<\/div><!-- .entry-meta -->\n\t\t\t\t\t\t\t\t<\/header><!-- .entry-header -->\n\n\t\t\t<div class=\"entry-content\">\n\t\t\t\t<a href=\"https:\/\/gruene-holzwickede.de\/?p=1481\" rel=\"bookmark\">\n\t\t\t\t\t\t\t\t<\/a>\n\t\t\t<\/div><!-- .entry-content -->\n\n\t\t\t<footer class=\"entry-footer\">\n\t\t\t\t\t\t\t<div class=\"d-flex mt-2 mb-2\">\n\t\t\t\t\t\t\t\t<div>\n\t\t<span class=\"cat-links small\"><a href=\"https:\/\/gruene-holzwickede.de\/?cat=1\" rel=\"category\">Uncategorized<\/a><\/span><br><span class=\"tags-links small\"><a href=\"https:\/\/gruene-holzwickede.de\/?tag=demo\" rel=\"tag\">Demo<\/a>, <a href=\"https:\/\/gruene-holzwickede.de\/?tag=rechts\" rel=\"tag\">Rechts<\/a><\/span>\n\t\t\t\t<\/div>\n\t\t\t<\/div>\n\t\t\n\t\t\t\t<div class=\"d-flex flex-row-reverse\">\n\t\t\t\t\t<a href=\"https:\/\/gruene-holzwickede.de\/?p=1481\" rel=\"bookmark\" class=\"continue-reading\">\n\t\t\t\t\tweiterlesen\t\t\t\t<\/a>\n\t\t\t\t<\/div>\n\t\t\t<\/footer><!-- .entry-footer -->\n\t\t<\/div>\n\t<\/div>\n<\/article><!-- #post-1481 -->\n<\/div><div class=\"col-md-6\">\n<article id=\"post-1435\" class=\"bg-white mb-4 has-shadow post-1435 post type-post status-publish format-standard hentry category-aktiv_in_holzwickede\">\n\t<div class=\"\">\n\t\t\t\t<div class=\"p-45\">\n\t\t\t<header class=\"entry-header mb-2\">\n\t\t\t\t\t\t\t\t<h2 class=\"card-title h4 mb-3\"><a href=\"https:\/\/gruene-holzwickede.de\/?p=1435\" rel=\"bookmark\">Holocaust Gedenktag<\/a><\/h2>\t\t\t\t\t<div class=\"entry-meta mb-3\">\n\t\t\t\t\t\t<span class=\"posted-on\"><time class=\"entry-date published\" datetime=\"2026-01-28T19:03:10+01:00\">28. Januar 2026<\/time><time class=\"updated\" datetime=\"2026-01-28T19:03:11+01:00\">28. Januar 2026<\/time><\/span>\t\t\t\t\t<\/div><!-- .entry-meta -->\n\t\t\t\t\t\t\t\t<\/header><!-- .entry-header -->\n\n\t\t\t<div class=\"entry-content\">\n\t\t\t\t<a href=\"https:\/\/gruene-holzwickede.de\/?p=1435\" rel=\"bookmark\">\n\t\t\t\t\t\t\t\t<\/a>\n\t\t\t<\/div><!-- .entry-content -->\n\n\t\t\t<footer class=\"entry-footer\">\n\t\t\t\t\t\t\t<div class=\"d-flex mt-2 mb-2\">\n\t\t\t\t\t\t\t\t<div>\n\t\t<span class=\"cat-links small\"><a href=\"https:\/\/gruene-holzwickede.de\/?cat=11\" rel=\"category\">Aktiv in Holzwickede<\/a><\/span>\n\t\t\t\t<\/div>\n\t\t\t<\/div>\n\t\t\n\t\t\t\t<div class=\"d-flex flex-row-reverse\">\n\t\t\t\t\t<a href=\"https:\/\/gruene-holzwickede.de\/?p=1435\" rel=\"bookmark\" class=\"continue-reading\">\n\t\t\t\t\tweiterlesen\t\t\t\t<\/a>\n\t\t\t\t<\/div>\n\t\t\t<\/footer><!-- .entry-footer -->\n\t\t<\/div>\n\t<\/div>\n<\/article><!-- #post-1435 -->\n<\/div><div class=\"col-md-6\">\n<article id=\"post-1433\" class=\"bg-white mb-4 has-shadow post-1433 post type-post status-publish format-standard hentry category-aktiv_in_holzwickede\">\n\t<div class=\"\">\n\t\t\t\t<div class=\"p-45\">\n\t\t\t<header class=\"entry-header mb-2\">\n\t\t\t\t\t\t\t\t<h2 class=\"card-title h4 mb-3\"><a href=\"https:\/\/gruene-holzwickede.de\/?p=1433\" rel=\"bookmark\">Stolpersteine<\/a><\/h2>\t\t\t\t\t<div class=\"entry-meta mb-3\">\n\t\t\t\t\t\t<span class=\"posted-on\"><time class=\"entry-date published\" datetime=\"2026-01-28T18:58:55+01:00\">28. Januar 2026<\/time><time class=\"updated\" datetime=\"2026-01-28T18:58:57+01:00\">28. Januar 2026<\/time><\/span>\t\t\t\t\t<\/div><!-- .entry-meta -->\n\t\t\t\t\t\t\t\t<\/header><!-- .entry-header -->\n\n\t\t\t<div class=\"entry-content\">\n\t\t\t\t<a href=\"https:\/\/gruene-holzwickede.de\/?p=1433\" rel=\"bookmark\">\n\t\t\t\t\t\t\t\t<\/a>\n\t\t\t<\/div><!-- .entry-content -->\n\n\t\t\t<footer class=\"entry-footer\">\n\t\t\t\t\t\t\t<div class=\"d-flex mt-2 mb-2\">\n\t\t\t\t\t\t\t\t<div>\n\t\t<span class=\"cat-links small\"><a href=\"https:\/\/gruene-holzwickede.de\/?cat=11\" rel=\"category\">Aktiv in Holzwickede<\/a><\/span>\n\t\t\t\t<\/div>\n\t\t\t<\/div>\n\t\t\n\t\t\t\t<div class=\"d-flex flex-row-reverse\">\n\t\t\t\t\t<a href=\"https:\/\/gruene-holzwickede.de\/?p=1433\" rel=\"bookmark\" class=\"continue-reading\">\n\t\t\t\t\tweiterlesen\t\t\t\t<\/a>\n\t\t\t\t<\/div>\n\t\t\t<\/footer><!-- .entry-footer -->\n\t\t<\/div>\n\t<\/div>\n<\/article><!-- #post-1433 -->\n<\/div><div class=\"col-md-6\">\n<article id=\"post-1400\" class=\"bg-white mb-4 has-shadow post-1400 post type-post status-publish format-standard hentry category-uncategorized\">\n\t<div class=\"\">\n\t\t\t\t<div class=\"p-45\">\n\t\t\t<header class=\"entry-header mb-2\">\n\t\t\t\t\t\t\t\t<h2 class=\"card-title h4 mb-3\"><a href=\"https:\/\/gruene-holzwickede.de\/?p=1400\" rel=\"bookmark\">Neue Fraktion bildet sich: Frauenpower f\u00fcr Holzwickede<\/a><\/h2>\t\t\t\t\t<div class=\"entry-meta mb-3\">\n\t\t\t\t\t\t<span class=\"posted-on\"><time class=\"entry-date published updated\" datetime=\"2025-11-18T15:46:53+01:00\">18. November 2025<\/time><\/span>\t\t\t\t\t<\/div><!-- .entry-meta -->\n\t\t\t\t\t\t\t\t<\/header><!-- .entry-header -->\n\n\t\t\t<div class=\"entry-content\">\n\t\t\t\t<a href=\"https:\/\/gruene-holzwickede.de\/?p=1400\" rel=\"bookmark\">\n\t\t\t\t<p>Mit Beginn der neuen Legislaturperiode hat sich im Holzwickeder Gemeinderat die neue Fraktion von B\u00fcndnis 90\/Die Gr\u00fcnen konstituiert. Die Fraktion besteht aus drei engagierten Frauen: Susanne Werbinsky, Ulrike D\u00fcrholt und [&hellip;]<\/p>\n\t\t\t\t<\/a>\n\t\t\t<\/div><!-- .entry-content -->\n\n\t\t\t<footer class=\"entry-footer\">\n\t\t\t\t\t\t\t<div class=\"d-flex mt-2 mb-2\">\n\t\t\t\t\t\t\t\t<div>\n\t\t<span class=\"cat-links small\"><a href=\"https:\/\/gruene-holzwickede.de\/?cat=1\" rel=\"category\">Uncategorized<\/a><\/span>\n\t\t\t\t<\/div>\n\t\t\t<\/div>\n\t\t\n\t\t\t\t<div class=\"d-flex flex-row-reverse\">\n\t\t\t\t\t<a href=\"https:\/\/gruene-holzwickede.de\/?p=1400\" rel=\"bookmark\" class=\"continue-reading\">\n\t\t\t\t\tweiterlesen\t\t\t\t<\/a>\n\t\t\t\t<\/div>\n\t\t\t<\/footer><!-- .entry-footer -->\n\t\t<\/div>\n\t<\/div>\n<\/article><!-- #post-1400 -->\n<\/div><div class=\"col-md-6\">\n<article id=\"post-1409\" class=\"bg-white mb-4 has-shadow post-1409 post type-post status-publish format-standard hentry category-uncategorized\">\n\t<div class=\"\">\n\t\t\t\t<div class=\"p-45\">\n\t\t\t<header class=\"entry-header mb-2\">\n\t\t\t\t\t\t\t\t<h2 class=\"card-title h4 mb-3\"><a href=\"https:\/\/gruene-holzwickede.de\/?p=1409\" rel=\"bookmark\">Neue Sachkundige B\u00fcrgerinnen<\/a><\/h2>\t\t\t\t\t<div class=\"entry-meta mb-3\">\n\t\t\t\t\t\t<span class=\"posted-on\"><time class=\"entry-date published\" datetime=\"2025-11-14T21:45:00+01:00\">14. November 2025<\/time><time class=\"updated\" datetime=\"2025-11-27T21:47:09+01:00\">27. November 2025<\/time><\/span>\t\t\t\t\t<\/div><!-- .entry-meta -->\n\t\t\t\t\t\t\t\t<\/header><!-- .entry-header -->\n\n\t\t\t<div class=\"entry-content\">\n\t\t\t\t<a href=\"https:\/\/gruene-holzwickede.de\/?p=1409\" rel=\"bookmark\">\n\t\t\t\t<p>Im Rahmen unserer heutigen Klausurtagung wurden unsere Sachkundigen B\u00fcrger:innen durch unseren B\u00fcrgermeister Till Knoche vereidigt. Wir gratulieren Uli Bangert, Geli Hartjenstein, Anne H\u00f6vels, Judith Kuck-B\u00f6sing, Bj\u00f6rn Michel, Marius M\u00f6nig und [&hellip;]<\/p>\n\t\t\t\t<\/a>\n\t\t\t<\/div><!-- .entry-content -->\n\n\t\t\t<footer class=\"entry-footer\">\n\t\t\t\t\t\t\t<div class=\"d-flex mt-2 mb-2\">\n\t\t\t\t\t\t\t\t<div>\n\t\t<span class=\"cat-links small\"><a href=\"https:\/\/gruene-holzwickede.de\/?cat=1\" rel=\"category\">Uncategorized<\/a><\/span>\n\t\t\t\t<\/div>\n\t\t\t<\/div>\n\t\t\n\t\t\t\t<div class=\"d-flex flex-row-reverse\">\n\t\t\t\t\t<a href=\"https:\/\/gruene-holzwickede.de\/?p=1409\" rel=\"bookmark\" class=\"continue-reading\">\n\t\t\t\t\tweiterlesen\t\t\t\t<\/a>\n\t\t\t\t<\/div>\n\t\t\t<\/footer><!-- .entry-footer -->\n\t\t<\/div>\n\t<\/div>\n<\/article><!-- #post-1409 -->\n<\/div>\n    <a class=\"text-white no-link d-block bg-primary has-green-550-hover-background-color border-radius\" href=\"https:\/\/gruene-holzwickede.de?post_type=post\" rel=\"\">\n        <div class=\"p-45 row\">\n        <span class=\"continue-reading text-white text-center pt-0\">zum Blog-Archiv<\/span>\n        <\/div>\n    <\/a>\n<\/div><\/div><\/div>\n\n\n<p><\/p>\n\n\n <div class=\"wp-block-group alignfull sunflower-has-background-dim has-text-color has-white-color has-background is-vertical is-content-justification-center is-content-justification-center is-layout-flex wp-block-group-is-layout-flex next-events \">\n                    <div class=\"wp-block-group__inner-container\">\n                        <h2 class=\"wp-block-heading has-text-align-center h1\">N\u00e4chste Termine<\/h2>\n                        <div class=\"wp-block-button text-center mb-5\"><a class=\"wp-block-button__link no-border-radius\" href=\"https:\/\/gruene-holzwickede.de\/?post_type=sunflower_event\" rel=\"\">Alle Termine<\/a><\/div>\n                    <div class=\"row\"><div class=\"col-12 text-center h4 text-white\">Derzeit sind keine Veranstaltungen geplant.<\/div><\/div><\/div><\/div>\n\n\n<p><\/p>\n","protected":false},"excerpt":{"rendered":"<p>Herzlich willkommen auf unserem Webauftritt. Mit drei Ratsmitgliedern und sieben sachkundigen B\u00fcrgern*innen treten wir im Rathaus Holzwickede aktiv f\u00fcr eine zukunftsorientierte Politik ein. Als Ortsverband B\u00fcndnis 90\/Die Gr\u00fcnen machen wir [&hellip;]<\/p>\n","protected":false},"author":1,"featured_media":263,"parent":0,"menu_order":1,"comment_status":"closed","ping_status":"closed","template":"","meta":{"footnotes":""},"class_list":["post-26","page","type-page","status-publish","has-post-thumbnail","hentry"],"_links":{"self":[{"href":"https:\/\/gruene-holzwickede.de\/index.php?rest_route=\/wp\/v2\/pages\/26","targetHints":{"allow":["GET"]}}],"collection":[{"href":"https:\/\/gruene-holzwickede.de\/index.php?rest_route=\/wp\/v2\/pages"}],"about":[{"href":"https:\/\/gruene-holzwickede.de\/index.php?rest_route=\/wp\/v2\/types\/page"}],"author":[{"embeddable":true,"href":"https:\/\/gruene-holzwickede.de\/index.php?rest_route=\/wp\/v2\/users\/1"}],"replies":[{"embeddable":true,"href":"https:\/\/gruene-holzwickede.de\/index.php?rest_route=%2Fwp%2Fv2%2Fcomments&post=26"}],"version-history":[{"count":46,"href":"https:\/\/gruene-holzwickede.de\/index.php?rest_route=\/wp\/v2\/pages\/26\/revisions"}],"predecessor-version":[{"id":1421,"href":"https:\/\/gruene-holzwickede.de\/index.php?rest_route=\/wp\/v2\/pages\/26\/revisions\/1421"}],"wp:featuredmedia":[{"embeddable":true,"href":"https:\/\/gruene-holzwickede.de\/index.php?rest_route=\/wp\/v2\/media\/263"}],"wp:attachment":[{"href":"https:\/\/gruene-holzwickede.de\/index.php?rest_route=%2Fwp%2Fv2%2Fmedia&parent=26"}],"curies":[{"name":"wp","href":"https:\/\/api.w.org\/{rel}","templated":true}]}}